est common factor of z and k?
4
Suppose 0 = v + 3*h - 341, -2*v - 5*h + 679 = -2*h. Let b = 25 + v. Calculate the greatest common factor of 33 and b.
33
Let f(q) = 4*q + 33. Let n be f(0). What is the greatest common factor of n and 11?
11
Let k(i) = -2*i**3 + 43*i**2 + 12*i - 21. Let m be k(21). What is the highest common divisor of 28 and m?
28
Let b(w) = 17*w - 16. Let u = 40 - 36. Let h be b(u). Calculate the highest common divisor of 13 and h.
13
Suppose 4*o + 51 = 5*y, -2*y = -4*o - o - 17. Let h(b) = -b + 9. Let d = -34 - -21. Let a be h(d). Calculate the highest common divisor of a and y.
11
Let n(m) = -m**3 + 6*m**2 + 9*m + 10. Let j be n(6). Calculate the greatest common factor of 4 and j.
4
Let h be (37 - 15) + 2/((-6)/15). What is the highest common divisor of 153 and h?
17
Suppose 780 = -18*o + 57*o. What is the highest common factor of o and 380?
20
Let m = -5 + 15. Suppose 3*a + 2*a + 45 = 0. Let q = a + m. What is the highest common divisor of q and 3?
1
Suppose r + 3*f = -r + 104, 0 = -f - 2. Let g = 640 + -635. Calculate the highest common factor of g and r.
5
Let z be (-1261)/(-143) + (0 - 4/(-22)). Calculate the greatest common divisor of z and 333.
9
Let j(l) = 50*l + 954. Let y be j(-19). What is the highest common factor of y and 596?
4
Let q be -6*(75/(-9) - -4). Suppose 3*m + 145 = v, -155 = -v + 5*m - 0*m. What is the greatest common divisor of q and v?
26
Let p be (-4)/8 - 75/(-2). Suppose p + 163 = 4*v. Suppose -4*f + 164 = 4*u, u + 0*u - 2*f = v. What is the highest common divisor of 11 and u?
11
Suppose 5*m = -2*p + 182, -m + 19 = 2*p - 19. Suppose 0 = 2*g + 3*i + 7, -5*g + 30 = 3*i - 5*i. Calculate the highest common divisor of g and m.
4
Let m be (-23)/4*(4 + 0). Let s be 3/(-4 + m/(-5)). Calculate the greatest common factor of s and 1.
1
Let g be (8/(-1) - -223) + 10. Calculate the highest common factor of 135 and g.
45
Suppose v = 4*v - 87. Suppose 0 = -5*w - 5*z - 0*z, 3*w + 8 = 5*z. Let i be (116/12*-3)/w. Calculate the greatest common divisor of v and i.
29
Let k = 22 + 160. Suppose 2*y + 2*c = 18, -5*y - 6*c = -2*c - 49. What is the highest common factor of k and y?
13
Let p(o) = o**2 + 4*o + 4. Suppose -3*u + u + y - 17 = 0, 4*u + 5*y - 1 = 0. Let x be p(u). What is the greatest common divisor of 64 and x?
16
Let a = 8 + -8. Suppose s + a*s = 7. Let h be (s/2)/(2/12). What is the greatest common divisor of 14 and h?
7
Let h(n) = n**3 + 4*n**2 - 4. Let l be h(-3). Suppose 2*s - s = 0, l*s = q - 18. Suppose 2*t - q = t. Calculate the highest common divisor of 198 and t.
18
Let g be 12 + 6/(-9)*18/(-12). Calculate the highest common factor of 2483 and g.
13
Let o(u) = 241*u**2 + 2*u - 1. Let w be o(1). Suppose 0 = -1101*x + 1121*x - 440. What is the greatest common divisor of w and x?
22
Let n be 2451/(-86)*(-16)/6. Calculate the greatest common factor of n and 4.
4
Let a = 6 + -6. Let g = 2 - a. Suppose 2*r + g*r = 28. What is the greatest common divisor of 49 and r?
7
Suppose 5*n - 17 = 13. Let h = 56 + n. Suppose -2*b + 64 = -h. Calculate the greatest common factor of b and 9.
9
Suppose -q - 8 = 3*g - 5*g, -2*q + 8 = 0. Let x be 1 + 1 - (-4)/4. What is the greatest common factor of g and x?
3
Let w = -537 - -559. What is the highest common divisor of 10 and w?
2
Suppose 349 = 9*w - 317. What is the greatest common factor of w and 185?
37
Let c(u) = u**3 + 13*u**2 + 2*u. Let p be c(-13). Let t = p - -46. Calculate the greatest common factor of 40 and t.
20
Suppose -j - 1 - 3 = -2*q, q - 7 = -2*j. Let a be (4 - 7)*2/(-6). Calculate the greatest common factor of q and a.
1
Let w(k) = -k**2 + 1. Let c(n) = n**3 + 5*n**2 - 11*n - 17. Let z(i) = c(i) - w(i). Let y be z(-7). What is the highest common factor of 2 and y?
2
Suppose -653 - 187 = -7*k. What is the highest common factor of 100 and k?
20
Suppose -5*y + 873 = -3*c + 7*c, -1107 = -5*c - y. What is the highest common factor of 74 and c?
74
Suppose 0 = -4*r - 5*j + 1710, 6*r - 3*r - 4*j = 1267. Calculate the greatest common factor of 25 and r.
25
Let b be 3267/165 - (-33)/15. What is the highest common divisor of b and 473?
11
Suppose 3*i + j + 0 = 17, 5*i = -5*j + 45. What is the greatest common factor of 76 and i?
4
Suppose -11*v - 16*v = -756. Calculate the greatest common divisor of 140 and v.
28
Let t be (3/15)/(5/(-25)). Let v be -13 + 33 + 0/(-2 - t). Let r(x) = x**3 - 5*x**2 - 4*x - 7. Let o be r(6). What is the highest common divisor of o and v?
5
Let y be 1*7 - 0/(-1). Let w = 11 - 39. Let x = w - -49. Calculate the highest common factor of y and x.
7
Let p = -207 + 597. Suppose -6*u = 24 + p. Let c = 174 + u. What is the greatest common divisor of 35 and c?
35
Let m = -1303 + 1314. Calculate the highest common divisor of m and 1287.
11
Let o(z) = -z**3 + 6*z**2 + 2*z - 3. Let b be o(6). Let f = -3 - -7. Let u be f/6 - 1/(-3). Calculate the greatest common divisor of u and b.
1
Suppose 8*f = 7*f + 488. Calculate the greatest common divisor of 61 and f.
61
Let w be (6/(-8))/((-141)/188). Suppose -4*a = -3*y - 0*a - 11, 5*a = 5*y + 15. Let d be -8*(1/y)/w. What is the greatest common divisor of 40 and d?
8
Let h = -65 - -177. Calculate the highest common divisor of h and 16.
16
Suppose -3*m + 2*m = -74. Let p = -39 + m. What is the highest common divisor of p and 14?
7
Let q(m) = 50*m - 2. Let x be q(-1). Let b = -36 - x. Calculate the highest common factor of b and 24.
8
Let f(n) = -n + 24. Let g be f(14). Suppose 0*x + 12 = -4*x. Let r = x + g. Calculate the greatest common factor of r and 49.
7
Let n be 4/(1*(-2)/(-4)). Let o = 52 - 52. Suppose -w + 22 = w - 2*m, o = w + 2*m - 2. Calculate the greatest common divisor of w and n.
8
Suppose 840 = 12*j - 7*j. Calculate the greatest common factor of j and 21.
21
Suppose -23*a = -28*a + 200. What is the highest common divisor of a and 8?
8
Suppose 0 - 5 = 5*o - 5*v, -13 = 3*o - 5*v. Let g = -5 + 8. Suppose g*q - 4 = -q. Calculate the greatest common divisor of q and o.
1
Let t(x) = x**2 - x + 9. Let k be t(0). Let r be (13 - k)/(1 - -1). Let a be (-402)/(-9) + r/6. What is the greatest common divisor of a and 18?
9
Let a be 65 + 4 + -2 - -1. Let z(b) = 17*b**3 - 2*b + 2. Let q be z(1). Calculate the greatest common factor of q and a.
17
Let g(n) = 17*n**2 - 323*n + 28. Let i be g(19). Suppose 2*v - 12 = -4. Calculate the greatest common factor of i and v.
4
Let i = 102 - 100. Suppose -4*c = 4*w - 6*c - 224, 5*w - i*c - 280 = 0. What is the greatest common factor of w and 84?
28
Suppose c - 5 = -c + w, 0 = -c + 3*w. Suppose 4*u - 84 = -c*u. Calculate the greatest common factor of u and 4.
4
Suppose 10 - 10 = 5*z. Let v(r) = r**3 - 2*r**2 + 3*r + 16. Let y be v(z). What is the greatest common factor of y and 4?
4
Let k be (12/(-10))/(5/25). Let d = 9 - k. Suppose 53*n + 150 = 58*n. What is the greatest common factor of d and n?
15
Suppose -g = 2099 - 2150. Calculate the greatest common divisor of 493 and g.
17
Suppose -611 = -4*p + n, 0 = 3*p + 2*n - 675 + 214. Calculate the highest common factor of p and 34.
17
Suppose 0 = -3*s + 6*j - j + 15, -j - 3 = 0. Suppose s*b + 2*b = 5*x - 35, -4*x = 2*b - 10. Calculate the greatest common factor of 40 and x.
5
Let g(i) = 100*i - 11. Let m be g(7). Calculate the highest common divisor of m and 53.
53
Let x = 69 - -39. Let k = x - 66. Let g(m) = m + 20. Let v be g(8). What is the highest common factor of v and k?
14
Let s be -13 - 0 - (-1 - -2). Let f = 128 - 113. Let t = f + s. Calculate the highest common factor of 5 and t.
1
Suppose 2*n - 60 = -0*n. Let v(u) = -76*u**3 + u. Suppose -5*f - 3 = 2*d, -4*f = -f + 2*d + 1. Let g be v(f). Calculate the highest common factor of n and g.
15
Suppose 0 = 7*a - 5*a - 2*f - 36, f - 2 = 0. Calculate the highest common factor of 620 and a.
20
Let j = -313 - -517. Calculate the greatest common divisor of 17 and j.
17
Let b = 3 + 1. Let x be (1 + -1)*(-6 - 0)/6. Suppose -2*y - b*a + 130 = x, -96 = -5*y - a + 229. What is the greatest common factor of 13 and y?
13
Let f = -154 - -338. What is the greatest common factor of 69 and f?
23
Let b(v) = 5*v**2 - 8*v + 14. Let i be b(5). Suppose -3*t + 38 = -l, -l = 2*t - 25 + 8. What is the highest common divisor of i and t?
11
Let t be ((-39)/4)/((-24)/(-128))*-2. What is the